se
Is 4780131547 a prime number?
True
Is 4371770926 prime?
False
Is 48235158323 a prime number?
False
Is 3209928119 a composite number?
True
Is 4008546637 a prime number?
False
Is 48718744687 a composite number?
True
Is 613779227 composite?
False
Is 1871344169 a prime number?
True
Is 316896223 a prime number?
False
Is 16344082837 prime?
True
Is 247929427 prime?
False
Is 412307671 prime?
True
Is 1157012413 prime?
True
Is 1364391122 composite?
True
Is 675688603 a prime number?
False
Is 2663656469 prime?
False
Is 12838142517 a prime number?
False
Is 268240253 a prime number?
True
Is 441834511 composite?
False
Is 26878413313 prime?
True
Is 5384659697 composite?
True
Is 11080339 a composite number?
True
Is 1427935231 prime?
False
Is 24363633431 composite?
True
Is 1984850641 a prime number?
False
Is 569455651 a prime number?
True
Is 3118279609 a composite number?
True
Is 16145467241 a composite number?
True
Is 110486413 prime?
True
Is 496724243 composite?
False
Is 363584297 a prime number?
True
Is 5962274881 a composite number?
True
Is 52930592069 composite?
False
Is 2755823531 composite?
False
Is 615186643 prime?
True
Is 22486808339 composite?
True
Is 1156881061 a prime number?
False
Is 9459083159 prime?
False
Is 6706299971 composite?
True
Is 2352025681 a composite number?
True
Is 14248345079 a composite number?
True
Is 35747359737 composite?
True
Is 5739554981 prime?
False
Is 43821849023 a prime number?
False
Is 110305224955 prime?
False
Is 12818555069 a prime number?
False
Is 1672519939 a prime number?
True
Is 12521314357 a prime number?
False
Is 44841611 prime?
False
Is 9699312799 composite?
True
Is 155430974849 a composite number?
False
Is 176731223 a prime number?
True
Is 1763784427 a composite number?
False
Is 3435350077 a composite number?
False
Is 1122304387 a composite number?
True
Is 17866076539 a composite number?
False
Is 5781787621 a prime number?
False
Is 211547857 a composite number?
True
Is 603229591 composite?
False
Is 4823651713 a prime number?
True
Is 827915083 a composite number?
False
Is 1186200859 prime?
True
Is 3007860137 a prime number?
False
Is 98423759617 a composite number?
False
Is 1383269 composite?
True
Is 32415589 a composite number?
True
Is 1456573511 composite?
True
Is 169659667 a prime number?
True
Is 54173621 composite?
True
Is 580659257 a prime number?
False
Is 16191993149 composite?
False
Is 1951460213 a composite number?
False
Is 6236479411 a composite number?
True
Is 177858831881 a composite number?
False
Is 853286095 a prime number?
False
Is 842450057 a composite number?
True
Is 32381832323 a composite number?
False
Is 9507601489 composite?
True
Is 195792781 a prime number?
True
Is 2799481213 prime?
False
Is 16373311217 prime?
True
Is 42486495083 a composite number?
False
Is 4766166194 a composite number?
True
Is 4805035013 a composite number?
True
Is 155466310589 composite?
False
Is 29661364837 a prime number?
False
Is 1129579987 a composite number?
True
Is 661340051 prime?
True
Is 1381867121 a prime number?
True
Is 153987259 composite?
False
Is 660921241 a composite number?
True
Is 88714109947 composite?
True
Is 397858507 a prime number?
False
Is 5797070957 prime?
True
Is 13646642729 a prime number?
False
Is 59150215 composite?
True
Is 5584274753 prime?
False
Is 936236279 composite?
True
Is 2688510421 composite?
False
Is 6573097735 prime?
False
Is 888934289 a composite number?
False
Is 29709041231 prime?
False
Is 51253642361 a prime number?
False
Is 27591861481 a prime number?
False
Is 136021177 composite?
True
Is 1782709597 prime?
True
Is 305753480183 composite?
False
Is 999005939 composite?
False
Is 32861079809 a composite number?
True
Is 33866141693 composite?
False
Is 62283298789 prime?
True
Is 1782478409 a composite number?
False
Is 4024443403 composite?
False
Is 86055405923 a composite number?
False
Is 105651351779 composite?
False
Is 504207929 composite?
False
Is 1100351449 a prime number?
False
Is 33281671 a prime number?
False
Is 133261007 a composite number?
True
Is 2102173483 a composite number?
False
Is 1449752099 prime?
True
Is 225520573 a prime number?
True
Is 4352448157 a composite number?
False
Is 221681041 prime?
False
Is 174846207143 a composite number?
False
Is 13694237 composite?
True
Is 17491253781 prime?
False
Is 2265425501 composite?
False
Is 2505032293 a prime number?
True
Is 4573954841 prime?
True
Is 5857837 a prime number?
False
Is 59231790151 a composite number?
False
Is 274428667 a prime number?
False
Is 7297568599 a composite number?
True
Is 321492433 a composite number?
False
Is 793134821 prime?
True
Is 33600647 prime?
False
Is 987704441 a composite number?
False
Is 1955577751 prime?
False
Is 3585484061 composite?
True
Is 8826148473 prime?
False
Is 615050035 a prime number?
False
Is 7355976101 a prime number?
True
Is 53152960017 a composite number?
True
Is 168317361017 prime?
False
Is 2860938953 a composite number?
True
Is 9548756771 composite?
False
Is 62811771973 prime?
False
Is 10432376057 a prime number?
True
Is 30667809461 a prime number?
False
Is 363727813 a composite number?
False
Is 1189061147 a composite number?
True
Is 626245102151 composite?
False
Is 6326263891 a composite number?
False
Is 149769776753 prime?
True
Is 107712791 prime?
False
Is 13927411987 a composite number?
False
Is 77057102747 a prime number?
False
Is 287728669 a prime number?
True
Is 12306779 composite?
False
Is 235674217 a composite number?
False
Is 45331374983 a composite number?
True
Is 94792759 a composite number?
False
Is 60879001 a composite number?
False
Is 2492213839 composite?
False
Is 1256924771 a composite number?
False
Is 36335626529 prime?
True
Is 67982189057 prime?
False
Is 119128907 a composite number?
False
Is 24449092217 composite?
True
Is 2130218603 composite?
True
Is 6738373321 prime?
True
Is 9578684173 a composite number?
True
Is 19847324309 composite?
True
Is 632515307 a prime number?
True
Is 13046471941 a composite number?
True
Is 22537092581 prime?
True
Is 3661762999 a composite number?
False
Is 151401313 prime?
False
Is 3094277539 composite?
False
Is 70642051 composite?
False
Is 87436772455 a prime number?
False
Is 1017633199 a prime number?
False
Is 360098987 a prime number?
True
Is 3792196651 a prime number?
False
Is 8569832701 prime?
False
Is 841811609 a composite number?
False
Is 3095765383 prime?
False
Is 732741959 a composite number?
False
Is 1225438033 prime?
False
Is 440426183 composite?
True
Is 2040916907 a composite number?
True
Is 32582157019 a prime number?
False
Is 7656710989 a prime number?
True
Is 5285844169 a prime number?
False
Is 4876027061 prime?
True
Is 92700856219 prime?
True
Is 5819269409 composite?
False
Is 40690166477 composite?
True
Is 268790813 composite?
False
Is 1661314429 a composite number?
False
Is 13652109797 prime?
True
Is 21672239471 a prime number?
False
Is 36392959 a prime number?
True
Is 2273272319 composite?
False
Is 7652061706 a composite number?
True
Is 3403348873 composite?
False
Is 5590204391 prime?
False
Is 5993346781 a prime number?
True
Is 50174834353 composite?
True
Is 5424661577 composite?
False
Is 157183901 composite?
True
Is 8901871529 a composite number?
False
Is 5717394563 composite?
False
Is 48944397311 a composite number?
False
Is 6529447978 prime?
False
Is 1709592883 prime?
False
Is 2577935401 prime?
False
Is 13611398993 a composite number?
True
Is 123783438967 composite?
False
Is 594270293 a composite number?
False
Is 139419913 a composite number?
False
Is 15776507609 prime?
True
Is 432960823 a prime number?
True
Is 154597879 composite?
False
Is 52056847 prime?
True
Is 1926135001 composite?
True
Is 2415583769 a prime number?
True
Is 2420476141 prime?
True
Is 4149809941 a composite number?
False
Is 1255450519 composite?
False
Is 10566717449 composite?
True
Is 1164539449 prime?
False
Is 385142311 a composite number?
False
Is 607038059 a prime number?
False
Is 405679451 prime?
False
Is 547668389 a prime number?
True
Is 1988170553 prime?
False
Is 4657457 prime?
False
Is 12663215581 prime?
True
Is 1938978497 prime?
True
Is 1970335039 a prime number?
False
Is 598815167 a prime number?
True
Is 1747894067 prime?
False
Is 417293813 a composite number?
False
Is 2122576987 composite?
False
Is 554646347 prime?
False
Is 10471400